0, what is -5162 - 1?
-5163
In base 12, what is a + -1b?
-11
In base 16, what is -e26 - -3?
-e23
In base 12, what is 6 + 0?
6
In base 13, what is -2 - -1090?
108b
In base 11, what is 2237 + -3?
2234
In base 3, what is -11110 - -102?
-11001
In base 3, what is -1110 + -112?
-1222
In base 15, what is 13 + 5c?
70
In base 10, what is -3 + -19?
-22
In base 10, what is -50 + -7?
-57
In base 10, what is -5 + 10?
5
In base 12, what is 187 + 76?
241
In base 4, what is -13232 + -100?
-13332
In base 15, what is 28 - 2?
26
In base 5, what is -30 + 213?
133
In base 3, what is 2 - -212?
221
In base 7, what is -2 - -52?
50
In base 15, what is -12 - -a0?
8d
In base 8, what is -22 + 404?
362
In base 3, what is 0 - -10001?
10001
In base 13, what is -4 - -44b?
447
In base 5, what is -422 - -10?
-412
In base 16, what is 4 + -7d?
-79
In base 13, what is 0 + a2?
a2
In base 10, what is -11 + 54?
43
In base 5, what is -10 + 31?
21
In base 11, what is -1 - 564?
-565
In base 12, what is -2 - 6?
-8
In base 13, what is 17 + 6?
20
In base 3, what is 110 + 20?
200
In base 10, what is -115 - 3?
-118
In base 4, what is -11 + 10313?
10302
In base 15, what is 5 - 112e?
-1129
In base 8, what is 5 - -161?
166
In base 16, what is 2 + 4b?
4d
In base 3, what is 210121 - -1?
210122
In base 9, what is -125 + 13?
-112
In base 9, what is 4344 - 0?
4344
In base 15, what is 4 + 6b8?
6bc
In base 5, what is -24042 + -10?
-24102
In base 2, what is -100 + 11011?
10111
In base 12, what is -40 - -14?
-28
In base 10, what is -4 + 38?
34
In base 11, what is 2 - -59?
60
In base 3, what is 2 - -102?
111
In base 12, what is 1 + -59?
-58
In base 16, what is -3 - 21?
-24
In base 3, what is 10 - 2?
1
In base 11, what is -12 + -14?
-26
In base 16, what is 2 - -35?
37
In base 12, what is -8 + -730?
-738
In base 10, what is -4 + -81?
-85
In base 16, what is 1 + -11e?
-11d
In base 12, what is -4 - -163?
15b
In base 2, what is -1101011110010 - 101?
-1101011110111
In base 4, what is 10 + -3?
1
In base 14, what is 881 - -3?
884
In base 5, what is -132 + -243?
-430
In base 5, what is -23321 - 4?
-23330
In base 16, what is -5 + 12e?
129
In base 13, what is -15 + -6b?
-83
In base 5, what is 1232 + 123?
1410
In base 5, what is 231 - 4?
222
In base 3, what is 10220 - -111?
11101
In base 6, what is -2354 - 2?
-2400
In base 2, what is 10010010010 - 1111?
10010000011
In base 9, what is 3 - 1711?
-1707
In base 5, what is -3 - 141?
-144
In base 4, what is 1311 - -1?
1312
In base 8, what is -304 + -24?
-330
In base 14, what is 15 + -4?
11
In base 15, what is 7c - 1?
7b
In base 14, what is 2 + -21?
-1d
In base 10, what is 2296 - -2?
2298
In base 12, what is 29ba + 4?
2a02
In base 12, what is -8 - -13a?
132
In base 11, what is -870 - 2?
-872
In base 4, what is -1131 - -230?
-301
In base 15, what is 5 + -2cc?
-2c7
In base 10, what is -50 + 67?
17
In base 2, what is 1100 + 1101001?
1110101
In base 6, what is -4 + 13?
5
In base 2, what is -1101000 - 1000110?
-10101110
In base 10, what is -93 - 5?
-98
In base 8, what is 233 + -5?
226
In base 7, what is -134 + 1?
-133
In base 8, what is 132 + 64?
216
In base 3, what is -1001 - -2?
-222
In base 9, what is 83 - 1?
82
In base 10, what is 17 + 3?
20
In base 4, what is 13 - 21123?
-21110
In base 12, what is 413 + 0?
413
In base 6, what is -3 - -40?
33
In base 14, what is 5a + 2?
5c
In base 15, what is 2 - 102?
-100
In base 13, what is 5 - 10a2?
-109a
In base 3, what is 102122 + -1?
102121
In base 6, what is 111 - -10?
121
In base 6, what is 22253 - 1?
22252
In base 5, what is -10 + -23?
-33
In base 9, what is 4 + -541?
-536
In base 11, what is 653 + 4?
657
In base 10, what is -1 - 127?
-128
In base 11, what is -1 + 15a?
159
In base 3, what is -111 - 10011?
-10122
In base 8, what is 5344 + -1?
5343
In base 14, what is 23 - -44?
67
In base 10, what is 2470 - 2?
2468
In base 10, what is -66 - 50?
-116
In base 15, what is -4 + -100?
-104
In base 16, what is 10 + 20c?
21c
In base 14, what is 15 + -5?
10
In base 16, what is -1 - -1ca?
1c9
In base 11, what is -198a - 1?
-1990
In base 7, what is -3152 + 4?
-3145
In base 7, what is 2 + -11402?
-11400
In base 7, what is 3 - 3606?
-3603
In base 8, what is 3 + -153?
-150
In base 12, what is -2 + -b4?
-b6
In base 14, what is 8 + 5?
d
In base 10, what is 873 + 1?
874
In base 5, what is 2 - 4442?
-4440
In base 11, what is 937 - 1?
936
In base 11, what is 13555 + 0?
13555
In base 5, what is 442241 - -4?
442300
In base 11, what is -8 + -5?
-12
In base 6, what is -1 + 314?
313
In base 5, what is -1 + -11423?
-11424
In base 8, what is -3650 + -1?
-3651
In base 6, what is 1300 + 5?
1305
In base 10, what is 2044 - 2?
2042
In base 11, what is 4 - 39?
-35
In base 8, what is 16214 - 2?
16212
In base 3, what is -21 - 20122?
-20220
In base 3, what is 12 - -20?
102
In base 4, what is -11 - -223021?
223010
In base 3, what is 1 - -2?
10
In base 7, what is -2064 - -3?
-2061
In base 16, what is -7 - -46?
3f
In base 10, what is 67 + 4?
71
In base 5, what is 2 + -2121?
-2114
In base 2, what is 100 + -110011?
-101111
In base 3, what is 11101 + 2001?
20102
In base 8, what is 3 - 354?
-351
In base 12, what is 1 + 23?
24
In base 15, what is -22 + -6?
-28
In base 14, what is 115 - 3?
112
In base 13, what is 93 - 4?
8c
In base 11, what is -1 - 148?
-149
In base 4, what is 1132 - -13?
1211
In base 13, what is 4 - 76?
-72
In base 14, what is -7 - 65?
-6c
In base 14, what is 103 + 6?
109
In base 15, what is 42 + 3?
45
In base 3, what is -200 + -211?
-1111
In base 2, what is -10 + -100110010110?
-100110011000
In base 5, what is -13 - 200?
-213
In base 5, what is -1433 - -200?
-1233
In base 10, what is -18 - -7?
-11
In base 3, what is -11 - -102121?
102110
In base 10, what is -136 - 2?
-138
In base 6, what is -10030 + 3?
-10023
In base 11, what is 1 + -583?
-582
In base 8, what is 12 + -40?
-26
In base 6, what is 23 + -5?
14
In base 5, what is -14 - 124030?
-124044
In base 5, what is 1 - 12101?
-12100
In base 2, what is 111 + -11100010?
-11011011
In base 7, what is 46 - 1?
45
In base 2, what is 1100111000 + -100?
1100110100
In base 14, what is -2 - 43?
-45
In base 15, what is -8 + 68?
60
In base 14, what is 5d + -5?
58
In base 15, what is 26 + -1?
25
In base 13, what is 0 - 712?
-712
In base 9, what is -13754 - 4?
-13758
In base 2, what is 101001100 + -11?
101001001
In base 4, what is 2231122 + 3?
2231131
In base 2, what is 1100100011 - 10001?
1100010010
In base 11, what is 8a - 33?
57
In base 2, what is 101001001010 + 101?
101001001111
In base 10, what is 8 - 51?
-43
In base 13, what is -2 - 46b?
-470
In base 10, what is -4348 + 3?
-4345
In base 6, what is 4455 + -3?
4452
In base 14, what is -281 - -3?
-27c
In base 4, what is 3231 - -1?
3232
In base 3, what is -20 + -111?
-201
In base 4, what is 0 + 3033?
3033
In base 13, what is 64 + -4?
60
In base 5, what is -4214 - -10?
-4204
In base 8, what is -4 + -247?
-253
In base 9, what is -368 + 12?
-356
In base 9, what is -5 - 4460?
-4465
In base 12, what is 99 - 1?
98
In base 5, what is -4 + 32?
23
In base 2, what is -10 - -1110?
1100
In base 10, what is 1 + -1125?
-1124
In base 13, what is 75 + 2?
77
In base 13, what is 2b5 - 13?
2a2
In base 14, what is 3 - -1772?
1775
In base 4, what is -2130131 - 3?
-2130200
In base 7, what is 166 - -55?
254
In base 15, what is a - -a0?
aa
In base 10, what is 6779 - -1?
6780
In base 6, what is 22 + 1?
23
In base 2, what is 100 - -10100?
11000
In base 6, what is 4 + -203?
-155
In base 5, what is -311 - 4?
-320
In base 10, what is -7 + -23?
-30
In base 4, what is 1112 - 10?
1102
In base 12, what is 7 + 3?
a
In base 7, what is -15 - -13?
-2
In base 4, what is 12 - -120220?
120232
In base 7, what is -41 - 156?
-230
In base 16, what is -5 + -1d?
-22
In base 15, what is -24 - -31?
c
In base 14, what is 2 - -77a?
77c
In base 7, what is 2215 - 2?
2213
In base 15, what is -b - 20d?
-219
In base 2, what is 1000 + -111000001?
-110111001
In base 6, what is -5 + -4250?
-4255
In base 14, what is 0 - 5c8?
-5c8
In base 9, what is 584 + 33?
627
In base 14, what is 58 - 1?
57
In base 10, what is 2 - 2915?
-2913
In base 10, what is -4 + -75?
-79
In base 12, what is 5 + -104?
-bb
In base 4, what is 121 - 0?
121
In base 15, what is 28 + 11?
39
In base 4, what is -11 + -2123?
-2200
In base 11, what is -162 + 